 4 + u. Let l be y(-4). Let j(i) = 2*i**2 + 2*i**3 + 77 - 77. Determine j(l).
-8
Let m(f) be the second derivative of -f**5/20 + 2*f**4/3 - 7*f**3/3 + 4*f**2 + 95*f. What is m(6)?
-4
Let u(i) be the third derivative of -3*i**4/8 + 5*i**3/6 - 52*i**2. Determine u(-4).
41
Let u(n) = -n**3 - n**2 - 11*n - 2. Let p(q) = -q**3 - 12*q - 1. Let v(x) = 5*p(x) - 6*u(x). Suppose 6 = 4*b + 26. What is v(b)?
2
Let b(i) = -i**2 + 11*i - 3. Let j(y) = 3*y**2 - 32*y + 10. Let z(m) = -8*b(m) - 3*j(m). Determine z(8).
-6
Let q(b) = 2*b + 1. Let h = 165 - 163. Calculate q(h).
5
Let u(m) = -m - 10. Suppose -5*x + w - 3*w = -40, -3*x + 4*w = -50. Calculate u(x).
-20
Let m = 14 - 12. Suppose 2*d = 5*d - 2*h + 13, 0 = -2*d + m*h - 12. Let n be 12*d/3*-1. Let c(x) = -x**3 + 3*x**2 + 3*x + 1. Calculate c(n).
-3
Let j(l) = -l - 1 - l**3 + 0*l + 0*l**2 + 4*l**2. Let z(h) = -h**2 + 20*h. Let r be z(20). Suppose r = -4*m - 4*m + 24. Give j(m).
5
Let m(f) = -3*f - 3. Let j = 42 - 15. Let x be (4 + j/(-6))*6. What is m(x)?
6
Let x(y) be the third derivative of y**4/12 + y**3/6 - 36*y**2. Let v be x(3). Let m(i) = i - 7. Calculate m(v).
0
Let c(d) be the first derivative of d**4/4 + 4*d**3/3 - 4*d**2 - 6*d + 91. Calculate c(-6).
-30
Let h(l) = 4*l + 6. Let u(c) = c + 6. Let d(q) = -2*q - 7. Let n(v) = -6*d(v) - 5*u(v). Let g(s) = -5*h(s) + 3*n(s). Give g(0).
6
Suppose 0 = -3*v + 2*p - 5, 1 = 5*v - 3*p + 11. Let z(i) = i + 11. Let u be z(v). Let t(b) = -b - u - b - 7 + 5. What is t(-7)?
6
Suppose -3*o - p + 0*p + 125 = 0, 3*o - 109 = -5*p. Suppose 8*v - 3 + o = 0. Let j(y) = -y**2 - 5*y + 1. Give j(v).
1
Suppose 3*v + 3 = -0, -2*w + 3*v + 11 = 0. Suppose 0 = -5*t + 8 + 2. Suppose 0 = t*z - w*k + 1 + 25, -22 = 4*z - 2*k. Let a(j) = -3*j - 3. Calculate a(z).
6
Let w(j) = 2*j + 23. Let i be w(-13). Let m be (i/(-4))/((-3)/12). Let y(x) = 3 + 5*x**2 + 3*x**2 - 5*x**2 + 3*x + x**3. Give y(m).
-6
Suppose 11*x - 26 = 9*x. Let v(m) = 8*m - x*m**2 - 4*m + 12*m**2 - 4. Determine v(5).
-9
Let x(j) = j + 8. Let o(i) = -i**2 - 7*i + 21. Let z be o(-9). Suppose 2*k + 1 = 3*g + 3*k, -g - 3*k + z = 0. Calculate x(g).
8
Suppose 5*c - 12 = -2*o + 3*c, -2*o + 3*c = -22. Let k(s) = -s - 5. Give k(o).
-13
Suppose 108 = 8*b - 5*b. Let v = -35 + b. Let y(c) = 4*c - 4. Let d(t) = -1. Let x(f) = 3*d(f) - y(f). What is x(v)?
-3
Let x(p) be the second derivative of -1/6*p**3 - 3/2*p**2 - 9*p + 0. Give x(-7).
4
Let z = 41 + -34. Let x = 8 - z. Let g(v) = 3*v - 1. What is g(x)?
2
Let a(v) = -v**2 - 15*v + 129. Let b be a(-21). Let j(f) be the first derivative of b*f - 2 + f**2 - 1/3*f**3. Determine j(3).
0
Let y(t) = 3*t + 38. Let f(n) = -3*n - 42. Let p(s) = -4*f(s) - 5*y(s). Calculate p(-8).
2
Let r(g) = -g**2 + 3. Let a = -2224 + 2218. Calculate r(a).
-33
Let h(z) = -4*z**2 + 4*z - 9. Let n(i) = 5*i**2 - 5*i + 8. Let l(y) = 4*h(y) + 3*n(y). Calculate l(0).
-12
Let r(m) be the second derivative of -m**4/12 - 2*m**3/3 + 4*m**2 + 2*m + 147. Calculate r(-7).
-13
Let i(f) be the second derivative of 0 - f - 1/6*f**3 + 5/6*f**4 - 1/2*f**2. Let o(y) = 15*y - 61. Let c be o(4). Determine i(c).
10
Let i(n) = n**2 - 9*n + 5. Let x be (6*(-5)/10)/1. Let b(l) = -l**3 + 0*l**3 - 2 + l**2 - 4*l**2 - 2*l. Let q be b(x). Calculate i(q).
-15
Let d be -2 - (18 - 17)/(1/(-4)). Suppose -2*f + 5 = p, -d*f = -p - 0 + 13. Let u(q) = q**2 - 10*q - 2. Give u(p).
-11
Suppose 76 + 89 = 33*t. Let o(v) = -16*v - 16. Let a(m) = 3*m + 3. Let b(c) = -11*a(c) - 2*o(c). Determine b(t).
-6
Let a(s) = 0*s**2 + 4*s - 2*s**2 + 3*s**2 + 3. Suppose 3*d = 2*k - 12, k + 24 = 2*k + 3*d. Let v(f) = -2*f + 19. Let t be v(k). Give a(t).
8
Let k(y) = -6*y + 11. Let p(j) = -j**2 - j. Let o(d) = -k(d) - p(d). Let m = -310 + 302. Give o(m).
-3
Let g(c) = c**2 + 5*c - 3. Let b(f) = f - 1. Suppose 0 = 4*d + 13 + 3. Let m be b(d). Give g(m).
-3
Let r(y) be the first derivative of -6*y**2 + 2*y + 88. Calculate r(-2).
26
Let t(x) = -26*x + 20. Let l(f) = -40*f + 31. Let i(n) = 5*l(n) - 8*t(n). Calculate i(-5).
-45
Let z(r) = -9*r + 1. Let u be (-3*8/4)/(2/(-9)). Suppose u - 31 = 4*l. Give z(l).
10
Let z(o) = -o**3 + 4*o**2 + 3*o - 4. Suppose 5*n - 4*r - 31 = 2*n, -4*r = -4*n + 36. Determine z(n).
-14
Let n(t) = -8*t + 12*t - t**2 - 5*t - 1 - 10*t. What is n(-10)?
9
Let u be (8/2)/(-17 + 18). Let v(l) = -2 - 3 - 4 - l. Let c(b) = 3*b + 19. Let j(y) = -2*c(y) - 5*v(y). Give j(u).
3
Let o(l) = -l**3 + 7*l**2 - 9*l + 8. Let c = 92 - 82. Suppose 5*t - c*t = -30. What is o(t)?
-10
Let t be -4 + 63/14 + 9/(-2). Let x(d) = 3*d + 6. Calculate x(t).
-6
Suppose 2*y - 10 = -3*y. Let m(c) = 8*c - 4 + 1 - y + 3. Give m(-2).
-18
Let u(l) be the first derivative of 11*l**2 - l + 37. Calculate u(-1).
-23
Suppose 3*c = 4*y + 22, -2*y = 3*y + 20. Suppose 4*b = 7 + 9. Suppose b*u - 5*j + 17 = 0, c*u + 5*j - 31 = -u. Let n(t) = -5*t + 2. Calculate n(u).
-8
Suppose -288 = -6*q - 3*q. Let j(h) = 56 - 27 - q + h + 0*h. What is j(5)?
2
Let y(d) = -d**2 - 2. Suppose -u - 4 + 10 = 0. Suppose a - 10 = u*a. Determine y(a).
-6
Let s(z) = -8*z**2 - 5*z - 4. Let f(t) = 9*t**2 + 6*t + 4. Suppose -28 = c - 5*c. Let v(y) = c*s(y) + 6*f(y). Determine v(3).
-19
Let d(f) = -f**3 - 11*f**2 - f - 10. Let n be d(-11). Let s be ((-3)/15)/(n/(-5)). Let a(x) = -89*x**3 + 2*x + 44*x**3 - x + 44*x**3. Calculate a(s).
0
Let t(i) = -3 - i + 4 + 2. Let b be (-4)/(-7) + (-30)/(-21). Suppose 0 = b*f + d + 2 + 5, 0 = 2*f + 4*d + 10. What is t(f)?
6
Let n(d) = 20*d**2 - 45*d + 13. Let a(w) = 9*w**2 - 22*w + 7. Let z(q) = 9*a(q) - 4*n(q). Let t be z(17). Let i(s) = -s**3 - 6*s**2 - 2*s - 5. Calculate i(t).
7
Let p = -2/7809 + 13019/15618. Let r(d) be the third derivative of -1/24*d**4 - 6*d**2 + 0*d + p*d**3 + 0. What is r(0)?
5
Let a(c) = c**3 + 10*c**2 + 8*c - 11. Let x be a(-9). Let z(h) be the first derivative of -h**2 - 5 + 6 - 4 - 13*h + 11*h. Calculate z(x).
2
Let r(o) = -2*o + 4*o**2 - 5*o**2 + 7 - 2*o + 0*o**2. Suppose 2*v + 0*v = -10, 0 = 4*j - 2*v + 10. What is r(j)?
2
Let y(r) = 38*r**2 - 72*r**2 + 35*r**2 - 6*r. Let t(v) = 8*v - 43. Let d be t(6). Determine y(d).
-5
Let l(w) = -4*w + 44. Suppose -126*d = -131*d + 55. Calculate l(d).
0
Suppose n - 4*z + 2 - 9 = 0, -12 = -3*n + 3*z. Let r(y) = 7*y**2 - 2*y + 3. Let q be r(n). Let t be 96/q + 2/5. Let m(v) = -3*v**2 + 2*v. Determine m(t).
-8
Let w(s) = 154*s + 4 + 29*s**2 - 28*s**2 - 157*s. Give w(-3).
22
Let a be 12/(-5)*50/(-20). Let w(g) = -g. Give w(a).
-6
Let u(t) = -2*t + 2936 + 3*t - 2929. What is u(-5)?
2
Suppose 3*a + 7 = -5. Let g = a + 4. Let q(p) = p**3 - 11 + 113*p**2 - 224*p**2 - p + 110*p**2 - 2*p**3. Calculate q(g).
-11
Let x(p) = 0 + 5 - p**3 + 8 - p + 9*p**2 - 4. Let k = 111 - 102. Calculate x(k).
0
Let a(d) = d**3 + 4*d**2 - 2*d - 1. Let b be a(-5). Let y = b + 10. Let r(u) be the second derivative of -u**4/12 - u**3 + u + 10. Calculate r(y).
0
Let y(n) be the third derivative of n**5/60 + 11*n**4/24 + n**3/6 - 28*n**2 + n. Calculate y(-11).
1
Let v(m) = 2*m**2 + 15*m - 73. Let b(g) = g**2 + 11*g - 37. Let y(a) = 5*b(a) - 3*v(a). Calculate y(13).
-5
Let c be ((-176)/24 + 7)*3*1. Let m(h) = 11*h**3 - h. What is m(c)?
-10
Let u(p) = 3*p - 7. Let h(n) = 13*n - 29. Let z(g) = 2*h(g) - 9*u(g). Let a = -12 + 57. Suppose 5*c - a = 3*j, -j + 19 = 4*c - 0*j. Give z(c).
-1
Let z(h) be the first derivative of -6*h + 1/3*h**3 + 1 - 1/12*h**4 + 0*h**2. Let v(n) be the first derivative of z(n). Determine v(1).
1
Let a(f) = 6*f**2 - 3 - 2372*f + 3*f**2 - f**3 + 2365*f. Determine a(8).
5
Let w(c) = 13*c - 12 + 6 + 0*c - c + 3. Determine w(-4).
-51
Let m(g) = 7*g - 3. Let r = 644 + -642. What is m(r)?
11
Let k(y) = 1 + 9942*y**3 + 6*y**2 + 2*y**2 - 9943*y**3 - 6*y. Calculate k(7).
8
Let z(q) = q**3 - 2*q**2 - 3*q + 7. Let p(i) = 2*i**3 - 5*i**2 - 7*i + 14. Suppose -3*n - 33 = 8*n. Let a(u) = n*p(u) + 7*z(u). Give a(0).
7
Let h(b) be the third derivative of 0*b + 0 + 1/120*b**6 + 1/24*b**4 - 1/60*b**5 - 49*b**2 - 1/3*b**3. Give h(0).
-2
Let i(f) = -f + 6. Let l(d) = 2*d**2 - 4*d + 3. Suppose 7*o = 3*o + 96. Let s be o/(-18)*6/(-4). Let b be l(s). Calculate i(b).
3
Let x(k) = 11*k - 5. Let o(r) = 6*r + 2. Let a(d) = -o(d) + x(d). Determine a(3).
8
Let f = -1364 + 1369. Let c(a) = -2*a + 27. Give c(f).
17
Let h(p) = p**3 - 3*p**2 - 3. Let y be